ulate the greatest common factor of 32 and a.
16
Suppose -4*c + 5*c - 25 = -2*v, c = v - 5. Suppose -1091 = -v*p + 869. Let l = -34 - -62. What is the greatest common factor of l and p?
28
Let j be 3/((18/578)/3). What is the greatest common factor of j and 17?
17
Let q(c) = -140*c**2 - c. Let u be q(-1). Let x = -79 - u. Let i be 15*4/(-2)*22/(-44). Calculate the greatest common divisor of i and x.
15
Let j(g) = -g**3 + 26*g**2 - 5*g - 95. Let u be j(25). What is the greatest common factor of u and 90?
45
Suppose 22*v - 14*v - 144 = 0. Suppose o = -4*o + 360. Calculate the greatest common factor of v and o.
18
Let h = 456 - 369. What is the greatest common factor of h and 319?
29
Let q = 443 + -209. What is the greatest common divisor of q and 36?
18
Let z = -303 - -540. What is the greatest common factor of z and 3?
3
Let z be ((-44)/(-8) - 4)*(-12)/(-9). Suppose 4*m - z*i = 46, 2*m + 5*i - 17 = m. What is the highest common divisor of m and 4?
4
Suppose 30 = z - 0. Calculate the greatest common divisor of 540 and z.
30
Suppose -3*u = -2*f - 19, 4*u + 12 + 8 = -3*f. Let j = 14 + f. What is the greatest common factor of 42 and j?
6
Suppose 3*i = 3*n - 29 - 4, -4*n = -3*i - 39. Let q = -12 + 26. Let b be (-4)/q + 340/14. Calculate the greatest common factor of b and n.
6
Let a(b) = -134*b - 9*b**3 + 0 - 7*b**3 - 1 + 133*b. Let i be a(-1). What is the highest common factor of 32 and i?
16
Suppose 3*d = -2 + 11. Let m = 75 - 54. Calculate the highest common divisor of d and m.
3
Let v be -1 + -2 + 5 + -57. Let s = -259 + 374. Let d = v + s. Calculate the highest common factor of d and 24.
12
Let u(d) = -d**2 + 8*d - 6. Let t be u(7). Let z be (0 + -2 - t)*-15. Let p(w) = -6*w + 12. Let c be p(-3). What is the highest common factor of c and z?
15
Suppose y = -y + 352. Let h = -53 + -4. Let f = -35 - h. Calculate the greatest common divisor of f and y.
22
Let b(i) = -93*i + 1068. Let g be b(11). Calculate the highest common factor of g and 252.
9
Suppose 2*h - 3*d + 588 = 6*h, 294 = 2*h + 3*d. Calculate the highest common divisor of 42 and h.
21
Let n be ((-8)/24)/((-1)/48). What is the highest common factor of n and 232?
8
Let i(f) = -f**2 + 19*f - 1. Let v be i(19). Let l be 17 - (-20)/(5 + v). Calculate the highest common divisor of 2 and l.
2
Suppose b = -14*t + 16*t + 24, 2*b - 2*t = 46. Calculate the highest common divisor of b and 374.
22
Let v be -4*(9/12)/1. Let u be (24/(-18))/(1/v). Let f be (-1 + -1)/(u/(-80)). What is the greatest common divisor of 10 and f?
10
Suppose 25*r - 18*r = 1015. Let w = 128 + -70. Calculate the greatest common divisor of w and r.
29
Let u be -4 - (-2 - (5 - 1)). Suppose 4*t + 18 = -0*i + u*i, 2*i - 8 = -t. What is the greatest common factor of 10 and i?
5
Let h = 53 - 86. Let a = 142 + -166. Let x be h*4/a*2. What is the greatest common divisor of x and 22?
11
Let k = 778 + -670. Calculate the highest common divisor of k and 36.
36
Suppose -4*y = 2*f + 6, -y - 10 = -f - 16. Suppose -a = a - 22. Calculate the highest common factor of y and a.
1
Suppose s + 2*s - 66 = 0. Let v = s + -11. Let m(k) = k**2 - 9*k + 1. Let l be m(9). What is the greatest common divisor of l and v?
1
Suppose 3*j = 32 + 34. Suppose 65 = 4*t - 3*g, 4*t - j - 37 = g. Let k(s) = -2*s**2 + 14*s + 8. Let f be k(5). Calculate the highest common factor of t and f.
14
Let h(r) = r**3 - 9*r**2 - 10*r + 14. Let p be h(10). Suppose -5 - 3 = -4*w + 4*s, 0 = -5*w + 3*s + p. Calculate the highest common divisor of 12 and w.
4
Let j = 27 - -9. Let i = -1735 - -1759. What is the greatest common factor of i and j?
12
Suppose 4*f = f + 51. Let k = f - 5. Let q be (35 + 1)/((-3)/(-4)). What is the highest common divisor of q and k?
12
Suppose -3 + 7 = 2*x. Suppose 0 = -u - 30 - x. Let d = -22 - u. What is the greatest common divisor of 10 and d?
10
Suppose 4*d - 148 = -4*o - 8, 3*d - 100 = -4*o. Suppose 0 = -2*h + 6 + 10. What is the greatest common divisor of d and h?
8
Let y be (-4)/(24/6)*-8. Calculate the greatest common divisor of 1016 and y.
8
Let c = -10 - -18. Suppose -25*j + 26*j - 253 = 0. Suppose -7*d - j = -757. What is the highest common divisor of c and d?
8
Suppose -s = -20 - 12. Calculate the greatest common factor of 112 and s.
16
Suppose 120 = -0*t + 6*t. What is the greatest common factor of t and 90?
10
Suppose i + 9 = 4*i, 27 = -4*l - 3*i. Let d be ((-28)/(-42))/((-1)/l). What is the highest common divisor of d and 3?
3
Let a be (10/4)/((-2)/(-4)). Let w be 28*(-28)/(-8) - -2. Let u be (w/(-35))/(2/(-7)). What is the greatest common factor of a and u?
5
Let y be 10/((-1)/(15/(-6))). Suppose 2*r = -3 + y. Let f be -4*(-3 + 20/(-8)). What is the highest common factor of f and r?
11
Suppose 101899 = 64*h + 21707. Calculate the greatest common divisor of h and 14.
7
Let t be 1 + (-9)/3 - -15. Suppose -13*u + 273 = -6*u. What is the greatest common divisor of u and t?
13
Let i = 327 - 137. Calculate the greatest common divisor of i and 30.
10
Suppose -20 = 5*u, 0 = k + 4*k - 3*u - 37. Suppose -4*f = k*r - 1049, 2*r = -6*f + f + 1290. Calculate the highest common factor of 32 and f.
32
Suppose 4*g = i - 2*i + 99, -3*g + 5*i = -57. Let o = 216 + -132. Calculate the highest common divisor of g and o.
12
Let p(c) = c**3 - 11*c**2 + 4*c + 28. Let u be p(10). Let h be u/(-6)*(-1 + 37/4). Let v = -19 - -30. Calculate the greatest common divisor of v and h.
11
Suppose -5*y + 25 = 0, 94 = 2*p + 5*y - 3. Let f(q) = -q**3 - 6*q**2 - 8*q + 21. Let u be f(-5). Calculate the greatest common divisor of p and u.
36
Suppose -a = -51 - 159. Calculate the greatest common divisor of 15 and a.
15
Let p = -4 + 8. Suppose p*q + c - 11 - 26 = 0, -11 = -2*q - 3*c. Suppose -3*a + q = -8*f + 3*f, 5*a - 5*f = 20. What is the highest common factor of 10 and a?
5
Suppose 272 = 11*x - 25. Let c be (-1)/((2*-1)/486). What is the highest common factor of x and c?
27
Let h(g) = -g + 25. Let w be h(8). Let a = w + -9. Calculate the highest common factor of 152 and a.
8
Let u = 181 + -42. Let w = -31 + u. Calculate the highest common factor of w and 27.
27
Suppose 188*z - 12213 = 179*z. Calculate the greatest common factor of 118 and z.
59
Let b(t) = -29*t - 1329. Let f be b(-49). Calculate the highest common factor of 36 and f.
4
Let h be 32/(-32) + (0 - 1 - -5). What is the highest common divisor of h and 141?
3
Let f = 58 + -26. Let q be 2 - 0 - 3 - -9. Calculate the greatest common factor of f and q.
8
Let r(n) = -6*n - 45. Let q be r(-9). Suppose -q*y + 3*y + 240 = 0. What is the greatest common factor of 8 and y?
8
Let c = -71 + 74. Let w(g) = -g**3 + 3*g**2 + 6. Let j be w(c). Calculate the greatest common divisor of 6 and j.
6
Suppose 4*q - 5 = 3*q. Suppose -q*h = -45 + 10. Suppose -a + h*a = 96. Calculate the highest common divisor of 2 and a.
2
Suppose 5*x - 5*s = 205, 0 = -2*x - 3*s + 60 + 37. Calculate the highest common divisor of 110 and x.
22
Suppose 20*q - 525 = -485. Let f be (-7)/(-14)*28/1. Calculate the greatest common divisor of q and f.
2
Let a(u) = -u**2 + u - 5. Let h be a(3). Let r(j) = j**3 + 11*j**2 - 13*j - 13. Let y be r(h). What is the highest common divisor of 10 and y?
10
Let z = -326 - -718. What is the highest common divisor of z and 14?
14
Let m = -99 + 169. Let b = -5 + 23. Let u be 457/13 - b/117. Calculate the highest common factor of u and m.
35
Let p = -1714 + 1730. Calculate the greatest common factor of p and 44.
4
Let g = -49 - -74. Suppose 0 = g*s - 28*s. Suppose -2*z + 5*z - 15 = s. What is the greatest common factor of z and 40?
5
Let p be 2*81/36*10. Calculate the highest common divisor of p and 960.
15
Suppose -5*a - 2*m = -6*m + 193, 0 = 3*a - 4*m + 111. Let y = a - -71. What is the highest common divisor of 30 and y?
30
Suppose -5*z = 6 - 26, 0 = 2*s - 4*z - 78. Calculate the highest common factor of s and 2.
1
Suppose -10*k + 797 + 313 = 0. Calculate the highest common factor of k and 111.
111
Suppose 111*x - 2265 - 7503 = 0. Calculate the greatest common factor of x and 121.
11
Suppose 5*z - 3*x + 192 + 138 = 0, 4*x = 0. Let y be 33*z/9*-1. Let s = -47 - -69. What is the highest common factor of s and y?
22
Let r(v) be the third derivative of -v**5/60 - 2*v**4/3 + v**3/3 + 41*v**2. Let l be r(-10). Calculate the gre